91931 is divided by 4376?
35
Calculate the remainder when 265100624 is divided by 29.
24
What is the remainder when 252921 is divided by 392?
81
Calculate the remainder when 24833901 is divided by 8277963.
12
What is the remainder when 13665410 is divided by 1422?
1412
What is the remainder when 170109 is divided by 4723?
81
What is the remainder when 2119182 is divided by 150?
132
Calculate the remainder when 3452529 is divided by 999.
984
Calculate the remainder when 133108109 is divided by 27.
26
What is the remainder when 161090 is divided by 400?
290
Calculate the remainder when 334971906 is divided by 43.
14
Calculate the remainder when 47829728 is divided by 216.
200
What is the remainder when 10650239 is divided by 150?
89
Calculate the remainder when 23803 is divided by 7923.
34
Calculate the remainder when 157126 is divided by 154585.
2541
What is the remainder when 8321 is divided by 989?
409
What is the remainder when 660675 is divided by 105?
15
Calculate the remainder when 190798395 is divided by 260.
255
Calculate the remainder when 219568 is divided by 16723.
2169
What is the remainder when 12868964 is divided by 402155?
4
What is the remainder when 46248 is divided by 46057?
191
Calculate the remainder when 11698337 is divided by 8.
1
What is the remainder when 28574709 is divided by 1473?
1455
Calculate the remainder when 34331 is divided by 764.
715
What is the remainder when 905807 is divided by 234?
227
What is the remainder when 232917 is divided by 232903?
14
Calculate the remainder when 2374730 is divided by 675.
80
Calculate the remainder when 4887325002 is divided by 555.
552
Calculate the remainder when 525299 is divided by 1541.
1359
What is the remainder when 12203 is divided by 11292?
911
Calculate the remainder when 432765 is divided by 10555.
10
What is the remainder when 39249414 is divided by 278?
262
What is the remainder when 6743213 is divided by 6?
5
What is the remainder when 1465678 is divided by 18551?
149
What is the remainder when 6177121 is divided by 816?
1
What is the remainder when 678063 is divided by 1634?
1587
What is the remainder when 95266 is divided by 576?
226
What is the remainder when 3699351 is divided by 1849609?
133
Calculate the remainder when 70522287 is divided by 139648.
47
Calculate the remainder when 3698920 is divided by 2931.
2929
Calculate the remainder when 1828380 is divided by 63047.
17
What is the remainder when 407142 is divided by 180?
162
What is the remainder when 3056 is divided by 292?
136
Calculate the remainder when 20716697 is divided by 139.
137
What is the remainder when 54817269 is divided by 5?
4
Calculate the remainder when 5404781 is divided by 386055.
11
What is the remainder when 14331510 is divided by 2285?
2275
Calculate the remainder when 1354901 is divided by 226.
31
What is the remainder when 24704 is divided by 24021?
683
What is the remainder when 360043 is divided by 27692?
47
Calculate the remainder when 2084722 is divided by 971.
956
What is the remainder when 334072 is divided by 83306?
848
Calculate the remainder when 115810 is divided by 2631.
46
Calculate the remainder when 165684 is divided by 203.
36
What is the remainder when 49494385 is divided by 230?
225
Calculate the remainder when 738516 is divided by 1767.
1677
What is the remainder when 26953 is divided by 13105?
743
Calculate the remainder when 232714 is divided by 540.
514
Calculate the remainder when 632395 is divided by 14050.
145
Calculate the remainder when 7605175 is divided by 935.
820
What is the remainder when 563714 is divided by 3199?
690
What is the remainder when 24283728 is divided by 29?
27
Calculate the remainder when 7884968 is divided by 214.
138
Calculate the remainder when 2626086 is divided by 262607.
16
Calculate the remainder when 1385827 is divided by 11176.
3
What is the remainder when 4766477 is divided by 51252?
41
What is the remainder when 36228 is divided by 9625?
7353
What is the remainder when 346283 is divided by 172301?
1681
Calculate the remainder when 93846 is divided by 1893.
1089
Calculate the remainder when 21323914 is divided by 1834.
1830
What is the remainder when 1068424 is divided by 2953?
2391
Calculate the remainder when 52802966 is divided by 158.
156
What is the remainder when 11001223 is divided by 478314?
1
Calculate the remainder when 2720872 is divided by 10757.
10108
What is the remainder when 10838 is divided by 8367?
2471
Calculate the remainder when 97344 is divided by 9689.
454
What is the remainder when 1008855 is divided by 126106?
7
Calculate the remainder when 10532712 is divided by 38162.
0
Calculate the remainder when 4486042 is divided by 995.
582
Calculate the remainder when 17729 is divided by 5768.
425
What is the remainder when 17498196 is divided by 100?
96
What is the remainder when 2799530 is divided by 680?
650
What is the remainder when 1621377 is divided by 781?
21
Calculate the remainder when 2023259 is divided by 16186.
9
What is the remainder when 16556737 is divided by 29?
28
Calculate the remainder when 220187047 is divided by 1178.
1177
What is the remainder when 5023957 is divided by 216?
13
What is the remainder when 41216356 is divided by 1607?
20
Calculate the remainder when 3194962 is divided by 2694.
2572
Calculate the remainder when 12720907 is divided by 116.
115
What is the remainder when 6073380 is divided by 76?
68
What is the remainder when 22006922 is divided by 4545?
32
Calculate the remainder when 271247 is divided by 732.
407
What is the remainder when 533336 is divided by 5178?
2
Calculate the remainder when 8295464 is divided by 270.
254
What is the remainder when 1459002 is divided by 306?
300
What is the remainder when 41799 is divided by 1378?
459
What is the remainder when 81955866 is divided by 179?
0
What is the remainder when 13657322 is divided by 37?
30
Calculate the remainder when 392200 is divided by 102.
10
Calculate the remainder when 400519354 is divided by 53.
50
What is the remainder when 12647 is divided by 12343?
304
What is the remainder when 284797 is divided by 5471?
305
Calculate the remainder when 34295793 is divided by 12231.
69
What is the remainder when 44480 is divided by 4037?
73
What is the remainder when 582825 is divided by 41?
10
Calculate the remainder when 91853 is divided by 550.
3
What is the remainder when 428956 is divided by 1469?
8
Calculate the remainder when 884683 is divided by 25.
8
Calculate the remainder when 380662 is divided by 669.
1
Calculate the remainder when 322942541 is divided by 5.
1
Calculate the remainder when 641686 is divided by 213818.
232
Calculate the remainder when 6304195 is divided by 700465.
10
What is the remainder when 44598933 is divided by 731130?
3
Calculate the remainder when 36513 is divided by 7.
1
Calculate the remainder when 2122450 is divided by 1926.
1924
What is the remainder when 762448 is divided by 171?
130
Calculate the remainder when 5688 is divided by 4741.
947
Calculate the remainder when 2064621 is divided by 125.
121
Calculate the remainder when 144208 is divided by 72002.
204
Calculate the remainder when 1599206 is divided by 887.
832
Calculate the remainder when 61114 is divided by 6100.
114
Calculate the remainder when 35526490 is divided by 33.
10
What is the remainder when 160887 is divided by 10638?
1317
What is the remainder when 16230966 is divided by 134?
82
Calculate the remainder when 9924435 is divided by 58.
55
Calculate the remainder when 539661 is divided by 1529.
1453
What is the remainder when 5795041 is divided by 482920?
1
Calculate the remainder when 1269929 is divided by 1637.
1254
What is the remainder when 220866 is divided by 18382?
282
What is the remainder when 397513 is divided by 3732?
1921
Calculate the remainder when 142391 is divided by 368.
343
What is the remainder when 372365551 is divided by 248?
247
What is the remainder when 20416336 is divided by 3672?
16
What is the remainder when 202278478 is divided by 67426149?
31
What is the remainder when 11207275 is divided by 3?
1
Calculate the remainder when 951982 is divided by 951973.
9
Calculate the remainder when 14856857 is divided by 27.
26
Calculate the remainder when 26853731 is divided by 118.
117
What i